 - 7 - -1) - (-2506 + 2514)
-3
What is the value of 29 + 12 + -3 + -7?
31
Calculate 27 - (2 + (34 - 11)).
2
What is the value of -9 + (12 - 8 - -13 - 9)?
-1
-1 + (-2 - (-6 - (-1 - (-6 - -3))))
5
What is 7 + (25 - 6) + -34?
-8
0 + -38 + -580 + 601
-17
(16 - ((9 - 21) + 22)) + 0
6
What is 1 - -4 - -8 - (2 - 1 - -2)?
10
Calculate (460 - 452) + (-1 - 0 - 18) + 6.
-5
Calculate (-5 - -30) + -53 - (-7 - -5).
-26
What is the value of -3 + -8 + -7 - -11?
-7
(-64 + 61 + 1 + -11 - -6) + -28
-35
4 - (-11 + (-1 - -19) + (-1 - 17))
15
What is -12 + 3 + (-7 - -5) - (-2 - 8)?
-1
Calculate 6 - (-10 - (-6 + 14 + 4 + -9)).
19
(35 + -46 - -5) + 11
5
Calculate (-4 - -1) + (-10 - (-1 + -20 + 7)).
1
Calculate -3 + 1 - (-34 + 36) - 5.
-9
9 - ((13 + 35 - 10) + -11)
-18
Evaluate -11 + (1 - -7) + (3 - (0 + 0)).
0
What is (12 - 0) + (-32 - 58 - -57)?
-21
9 + 0 - (-255 - -290)
-26
3 + 6 + (9 - 10) + 7
15
What is the value of (-5 - 0) + (12 + -23 - -13)?
-3
Evaluate 8 - (3 + -2 + -66 + 52).
21
Evaluate 16 + (-10 - (15 + -10)).
1
-12 + 3 + 4 + 1 + -6
-10
What is the value of 3 + (7 - (-5 - -13)) - -10?
12
Evaluate (-2 + 2 - (2 + 9)) + 4.
-7
What is (2 - (4 - 1 - 3)) + 2 + -2?
2
Evaluate (857 + -858 - (4 + (-1 - 1))) + 7.
4
What is the value of -1 - (28 + -3 + 1 + -14)?
-13
Evaluate 0 - -18 - 0 - (-577 - -571).
24
What is the value of (11 - (-5 - -8 - -10)) + 2 - 19?
-19
1 + -5 - (-4 + (10 - 3)) - -7
0
What is the value of 531 - 581 - (-27 + 2)?
-25
-20 + -9 + (18 - -8)
-3
What is the value of -16 - ((2 - 36) + 16)?
2
What is the value of -52 + 60 + -1 + 0 + 0?
7
What is -8 - -6 - (-5 - (12 - (8 + -3)))?
10
Evaluate (-16 - -13 - 41) + 51.
7
Evaluate -1 + 0 - (-779 + 793).
-15
-1 + 13 + -4 + 6 + 4
18
What is the value of 13 - (-33 - -30 - 13)?
29
What is the value of 7 - 44 - (-99 - -59)?
3
What is 0 - (-3 + -7 - -1) - (-92 + 120)?
-19
1 + -36 + 38 - -27
30
What is the value of (4 - (-31 - -34)) + -29?
-28
-10 - -17 - (3 - (-1 + 0))
3
-2 - (-14 - -1 - -12)
-1
0 + -3 - ((-22 - -46) + -36)
9
-25 + 1 - -9 - -6
-9
-4 - (18 - 18) - (-2 + 1 + -16)
13
What is 295 - 276 - (9 - (0 + -1))?
9
Evaluate -1 - -20 - (-1 + (-4 - -6)).
18
Calculate 7 + 16 + -3 - 13.
7
Evaluate 23 - (-32 - -73) - -18.
0
Evaluate 19 + (-38 - (-46 - -34)).
-7
1 + -6 + 11 + -21 + 14 - -15
14
What is the value of -13 + 2 + 7 + 1 + 4 - 4?
-3
Calculate (12 - (6 + 6)) + -4.
-4
What is the value of -5 + (14 - 26) - (8 + -27)?
2
Evaluate -6 - (-15 - (4 + -11 + 11)).
13
(-27 - -41) + (-8 - -1) - (10 + -1)
-2
Calculate 3 + (-17 - (-9 - -16)) - (3 + -5).
-19
Evaluate (-3 - (3 + -14 - -9)) + (-7 - 0).
-8
What is -1 + -5 - (59 - 48)?
-17
-14 + 11 + 9 + -12 + 0
-6
What is the value of (9 - 14 - (-1 - 9)) + -9?
-4
What is 1 + (14 + -11 + 1 - (0 - -9))?
-4
What is the value of (14 - (6 + 15)) + 12 + 0 - 19?
-14
25 + (-22 + 8 - (2 - 2))
11
Calculate 16 + -76 + 29 - -22.
-9
Evaluate (-51 + 40 - (7 + -3)) + -7.
-22
Calculate -5 - (5 - -4 - 10) - -8.
4
(18 - (13 + 2)) + 7
10
Evaluate 9 + (-12 - -12) + 0 + -1.
8
(-11 - -9 - ((-5 - 0) + 1)) + -7
-5
What is the value of 10 + (7 + 7 + -4 - 20) + 9?
9
Evaluate (-19 - 16) + 28 + 0 + -3.
-10
-2 + 12 + (6 - 5) + -21
-10
What is the value of (-7 - (3 + (7 - 7))) + 6?
-4
14 + 2 + -2 + (-20 - -13)
7
What is (-18 - (-19 + -2)) + 29?
32
Calculate (-1 - -5) + -12 + 9 + 3.
4
What is the value of -17 + 5 + 18 + 5?
11
5 + -7 - (-9 + 6 - 0 - -9)
-8
What is 2 + (-43 - -15 - -6) + -4?
-24
-11 + -21 + 43 + -15
-4
What is 4 - (-14 - 1 - ((-11 - -15) + -10))?
13
Evaluate -11 + (4 - (9 + -12)).
-4
What is the value of 12 + (-2 + 2 - 0) + -2?
10
What is the value of 4 - (-11 - (4 + -10)) - (-7 + 43)?
-27
Evaluate (8 + -40 - -26) + 32.
26
What is the value of (-4 - (10 + -8 + -4)) + -21 + 0?
-23
Evaluate (-15 - -6) + (-36 - -8) - -6.
-31
Evaluate 13 + (26 - 19) + -14.
6
4 - ((4 - -2) + -3 + -2) - 7
-4
Calculate 10 + (0 + 2 - -4 - 0).
16
What is (8 - (9 - 0)) + 6 + -3 - 0?
2
What is the value of -338 + 312 - (-15 - 0) - (-1 - 8)?
-2
-124 + 126 + (2 - ((1 - 3) + -9))
15
Evaluate 21 + (-1 + -17 - -9).
12
Calculate 2 + -6 + 17 + 8 + -30 + -5.
-14
What is the value of 83 + -85 - ((-1 - -1) + 0)?
-2
(-493 - -468) + -1 + 6 + 1
-19
What is the value of 5 + -6 + -10 + 4?
-7
Calculate 22 + (3 - (5 + -14) - 28).
6
What is 24 + -18 + -25 - -15 - -13?
9
Evaluate -92 - -93 - (-5 - (-2 - -2)) - 2.
4
What is (23 - -1) + -7 - (49 + -41)?
9
What is 7 + -14 + 10 + -24 + 6?
-15
-5 + (5 - (1 - 1)) - 8
-8
What is 7 + 7 + 1 + -7 + 4?
12
Evaluate -31 + 18 + 24 + (-1 - 2 - 2).
6
What is 1 + 5 + -3 - (12 + 3 + -15)?
3
What is the value of (-155 + 147 - (6 + 0)) + 5 + -10?
-19
What is the value of -2 - (-7 + (21 - (11 - 5)) - -5)?
-15
What is -132 + 118 + 30 + -1?
15
What is -7 - (-7 - (10 - 6)) - -13?
17
What is the value of 10 + -14 + 1 - (25 - 2 - 1)?
-25
What is -747 - -749 - (1 + -13 - (0 - -1))?
15
What is (-11 - -8) + (1 - 3) + 3 - 20?
-22
Calculate 54 - 48 - (10 - 0).
-4
What is the value of -16 - (4 - 3 - 19)?
2
Calculate (-37 - -5) + 67 + -32.
3
Evaluate 12 - (5 - (5 - (1 + -2)) - 4).
17
(-2 - -3) + -10 + 13 + -4 + 1
1
What is the value of 16 + (-47 - -27 - -12)?
8
Calculate 1 - (-16 - -18) - (-16 - -28).
-13
Evaluate (-5 - -8 - 2 - (-16 - -16)) + 5.
6
-12 + 20 + 3 + -12 + 11
10
What is 7 + -15 - (-1 - (16 - -4 - 1))?
12
What is the value of -13 + (13 + (1 - (-4 - -11)) - 7)?
-13
What is -25 - 2 - (1 + (1 - 10)) - 0?
-19
-5 - (-10 - -3) - 9 - -3 - -5
1
What is (-11 - -7) + 7 - 13?
-10
Evaluate 16 + -14 + 2 + -7.
-3
What is 18 + (1 - 12) + 0 - (9 + 0)?
-2
What is (-5 - -20) + (-4 + -37 - -1)?
-25
What is the value of 5 - (-12 + -9 + 10) - (-1 + 4)?
13
Calculate -7 - (225 - 222 - (0 + -4)).
-14
Evaluate -22 - (13 - 4) - -13 - 8.
-26
Evaluate 4 - (8 - 11 - (0 - 2)) - -1.
6
21 - 0 - (4 + -15 + 14) - 5
13
What is (7 - (-10 - -15)) + 4 + -14?
-8
What is 1 + -1 + -11 - -19?
8
Calculate 0 + 11 - (-295 + 314).
-8
Calculate (14 - -5 - (-3 + -2)) + (6 - 15).
15
1 + 4 - (22 - 4 - 23)
10
Calculate 25 - (-2 + -1 - ((-48 - 0) + 50)).
30
Calculate 1 + -1 + -6 + (-3 - -49) + -35.
5
What is 13 + (2325 + -2340 - ((1 - 1) + -6))?
4
What is -1 - (-10 + 15) - 2?
-8
Evaluate 2 + 8 + (-57 - (-106 + 47)).
12
Calculate 1 - (8 + 3 - ((3 - -1) + -5)).
-11
(10 - 4) + 3 + -7 + -2
0
Calculate 10 + 5 + (-9 - -14).
20
What is 12 + (-11 - (-9 + -4))?
14
Calculate (18 - 9 - 12) + -6 + 2.
-7
-65 - (-12 + 5 - 28)
-30
What is the value of 1186 + -1185 + 1 + 1?
3
Calculate -16 + 18 - (4 + (-3 + 0 - -3)).
-2
Calculate (-5 - (2 + (-5 + 0 - -2))) + 0.
-4
What is -20 + 9 + (-4 - -21)?
6
What is -10 + -22 + 35 + (1 - 4)?
0
What is the value of -2 + -2 + (-7 - -18) + -2 + 4?
9
-26 + 13 - (-12 - -3)
-4
5 + 5 + -13 - 5
-8
Calculate -45 + (-5 - 21) + 53.
-18
12 - -1 - ((-17 + 5 - -13) + 1)
11
What is 12 - (-6 - -12) - -14?
20
Evaluate -1 + 8 + -16 - (0 + 0) - -2.
-7
Calculate 4 + (-9 - ((-3 - 0) + 0)).
-2
Evaluate -24 + 12 - (3 - 13).
-2
What is -21 - (-2 + (5 - 12))?
-12
What is the value of -12 + 16 - -1 - (1 - 4)?
8
1 + -1 + -2 + (-26 + 26 - -17)
15
0 + -18 + 34 + -40 + -10
-34
What is 10 - (-7 - -13) - (-6 - -17)?
-7
Calculate 0 + 1 + (-2 - (-8 + -17 + 4)).
20
Calculate -2 + -2 + 6 + 0.
2
(-3 - 3) + (-3 - -10 - 10) + 7
-2
What is the value of -6 + 0 + (-29 - (25 + -54)) - 9?
-15
What is the value of (0 - -17) + -23 + 9 + 13?
16
What is -1761 - -1763 - (-14 + 1 + 0)?
15
What is the value of 54 + -42 - (3 + 0 - 15)?
24
Calculate -2 + 8 + -1 + (-1 - 2 - -1).
3
What is -463 + 450 + -2 + 39?
24
What is 1 + 3 + (1 - 24 - -16)?
-3
Evaluate -22 + 1 + (-213 - -218).
-16
What is -13 + -4 + -4 + 5 + 8 + -6?
-14
What is 31 - ((9 - 1 - -4) + -51 + 45)?
25
What is the value of -16 - (-9 + 3 + 13 + -21)?
-2
-16 - (-7 - -1 - (-69 + 67) - -8)
-20
What is the value of (5 - (8 - ((11 - -1) + -6))) + -12?
-9
What is 2 + (-3 - (-42 - (-14 - -7))) - 11?
23
-26 - (0 + -12) - -26
12
What is -4 + (1 - 1) - (-1773 + 1772)?
-3
3 + (-165 - -170) + (9 - 0)
17
Calculate -1 - -4 - (-130 + 122 - (-31 - -2)).
-18
0 - (26 + -30 - (-7 + 0))
-3
What is 3 + (13 - 8) - (2 - 7)?
13
-18 - (10 + -19 + 17)
-26
Evaluate -23 + -1 + 19 + (-13 - 0) + -1.
-19
What is the value of (-5 - -58) + (-105 - -77)?
25
Calculate -5 + 10 + 4 - (13 - -2) - -17.
11
5 + 2 + -13 + 4 + 0
-2
Calculate ((-4 - -4) + -18 - -7)